 80?
8
Suppose 10 = 2*y + 5*l, -10 = -2*y + 8*l - 3*l. Suppose 2*h - 1003 = -y*s + 3849, 0 = 2*s + h - 1940. What is the greatest common divisor of 12 and s?
12
Let o = 231 - 223. Let x(l) = -l**3 + 8*l**2 + l + 2. Let q be x(o). Calculate the highest common factor of q and 5.
5
Let a(z) = 373*z + 48. Let i be a(0). What is the highest common factor of i and 1656?
24
Suppose -100 = 12*r - 136. Let l be (3/r)/((-4)/(-140)). Let g(a) = a**2 + 175. Let d be g(0). What is the highest common divisor of d and l?
35
Suppose 2*x + 3*f + 54 = 3*x, 2 = 2*f. Suppose 6 = 3*b - x. Suppose 0 = n - 34 - 29. What is the greatest common factor of n and b?
21
Suppose -3*z = -4*q - 188, -4*z - 7*q = -2*q - 199. Let c = -572 + 600. Calculate the greatest common factor of c and z.
28
Let h = -20 + 32. Let r = -57205 + 57355. Calculate the highest common divisor of r and h.
6
Let v = 4385 + -3818. Calculate the greatest common divisor of v and 12.
3
Let i = 5344 - 5062. What is the greatest common factor of i and 12?
6
Suppose -6*a + 27 = 3. Suppose -u + 161 = 4*o, o - a*u = -u + 37. Suppose -284*k = -287*k + 180. What is the greatest common divisor of o and k?
20
Let x be (-13)/(39/36)*(-3144)/9. Calculate the highest common divisor of x and 917.
131
Suppose 910 = -11*o + 239. Let w = o + 149. Let c = w + -40. Calculate the greatest common divisor of 72 and c.
24
Let c = 1321 - 404. What is the greatest common factor of c and 655?
131
Let y = -14208 + 14299. What is the highest common factor of 224 and y?
7
Let r = -8 - -15. Let j(i) = -2*i**2 + 38*i + 709. Let k be j(30). Calculate the highest common factor of r and k.
7
Suppose -4*h + 5*k + 868 = 0, 20 = 4*k - 9*k. Let m = 296 - h. What is the greatest common factor of 4 and m?
4
Let n(z) = 10*z**2 - 10*z - 60. Let g be n(7). Calculate the highest common factor of 285 and g.
15
Let t = -4 - -2. Let y(h) = h**2 - h - 1. Let x be y(t). Suppose -4*a = 0, 10 + 60 = x*v + 4*a. What is the highest common divisor of 56 and v?
14
Let l be ((-8)/10)/(-2*(-2)/(-10)). Let a = -5 - -7. Suppose a = -r + 6. What is the greatest common factor of r and l?
2
Let s = 11628 + -11625. Let w(o) = 3*o. Let a(n) = n**2 + 4*n + 2. Let i be a(-5). Let u be w(i). What is the greatest common divisor of u and s?
3
Let y(f) = 4*f**2 - 19*f + 75. Let t be y(16). Let d be t + (1 - 6*1/(-2)). What is the highest common factor of 34 and d?
17
Let h = -31414 - -31832. Calculate the greatest common divisor of 779 and h.
19
Let f(g) = 7*g - 12. Let m be f(2). Suppose -m*z = 3*a - 1436, -5*z = -3 + 13. Calculate the greatest common divisor of 15 and a.
15
Suppose -12 = -2*p - 9*b + 11*b, 5*b + 12 = 2*p. Let f = -4 - -7. Let n be -1*1 + p + 3 + f. What is the greatest common divisor of 77 and n?
11
Let l(p) = -p**3 - 9*p**2 + 12*p + 10. Let k be l(-10). Let b(d) = d**3 + 7*d**2 - 36*d - 24. Let v be b(k). Calculate the highest common factor of v and 162.
18
Let f be ((-3)/(-6)*2)/1. Let t be ((-2)/14*2)/((-3)/21). Suppose -2*y + 3*l + 13 = -6, 0 = 2*y + t*l - 24. What is the highest common divisor of f and y?
1
Suppose -4*r = -4*p - 84 - 80, -2*p + r = 82. Let k = 76 + p. Let o(z) = -2*z**2 + 26*z - 37. Let v be o(11). What is the greatest common divisor of k and v?
7
Suppose -3*c + 0*c + 417 = 0. Suppose 0 = -7*m - 5*m - 192. Let n = c - m. Calculate the highest common factor of 31 and n.
31
Let r(i) = i**2 - 108*i + 2280. Let s be r(28). Calculate the greatest common factor of s and 2420.
20
Let g(j) = -5*j + 319. Let b be g(27). Calculate the greatest common factor of b and 4324.
92
Let y = -156 + 161. Suppose -y*q + 227 = -5*t + 22, t + 129 = 3*q. Let u(r) = r**2 + 6*r + 4. Let x be u(-6). What is the greatest common divisor of x and q?
4
Let g be 8/1 + -13 + (-1 - -54). Let c = 16 - -416. What is the greatest common factor of c and g?
48
Let z(u) = 12*u**2 - 338*u - 43. Let p be z(29). Calculate the greatest common divisor of p and 551.
19
Suppose -129*f + 366 = -4236 + 87. Calculate the greatest common factor of 440 and f.
5
Let a be 132/36 - -1 - 2/(-6). What is the highest common factor of a and 595?
5
Let t(l) be the second derivative of l**5/20 + 2*l**4 - 5*l**3 - 21*l**2/2 - 189*l. Let k be t(-25). What is the highest common factor of k and 91?
13
Suppose -51 = -3*m - 4*f + f, 0 = 2*m + 5*f - 25. Suppose 2*q = 50 + m. Calculate the greatest common divisor of q and 140.
35
Suppose -2*j = 2*u - 86, u = 1 - 3. Let y = j + 30. Suppose o = -4*c + y, 4*c + 4*o - 70 = -10. What is the highest common divisor of 140 and c?
20
Let m = 1054 - 160. What is the greatest common factor of m and 12?
6
Let p(a) = 32*a**3 + 3*a - 2. Let d be p(1). Suppose -l = -3*l, -d = -r + 2*l. What is the highest common factor of r and 33?
33
Suppose -38 = -6*u + 16. Let r be (-92)/(-6) - 12/u. Calculate the highest common divisor of r and 70.
14
Suppose -893*n = 237*n - 3497 - 2153. Let j(h) = -h + 9. Let f be j(-7). Let o = f + 29. What is the highest common divisor of n and o?
5
Suppose 0 = -m - 7 + 29. Suppose -3*u = -2*v + m, -29 = -5*v - u + 9. Let h be (102/(-5))/((v/10)/(-4)). What is the greatest common factor of 34 and h?
34
Suppose 0*u + 3*t = 3*u - 15, -3*u + 5*t + 9 = 0. Let l = u - -71. Let s = l - 66. What is the highest common factor of s and 39?
13
Let b = -113616 - -113661. Suppose -4 = k - 14. Calculate the greatest common divisor of b and k.
5
Suppose 4*y + 798 = 2*n, 0 = -5*n - 4*y - 393 + 2444. Suppose 62 = 6*t - 4. Calculate the greatest common divisor of n and t.
11
Let h be 28/196 - (-1276)/(-14). Suppose 9*y + 324 = 5*y. Let b = y - h. Calculate the greatest common divisor of b and 70.
10
Let h be 5/(-15)*-12 + (0 - -10). Suppose 0 = h*u - 74 + 46. Let k be 8/(-6)*(-3)/2. Calculate the greatest common divisor of u and k.
2
Let r be 79*-1*2/(-2). Suppose c - 12 = r. Let f = -193 - -206. What is the greatest common divisor of f and c?
13
Suppose 4*q + n - 1615 - 5580 = 0, n = 2*q - 3593. What is the highest common divisor of q and 434?
62
Let i(j) = 3*j**2 - 9*j - 14. Let u be i(-2). What is the highest common factor of 36 and u?
4
Suppose 2*y - 1081 = -5*t + 281, 2*t = -5*y + 570. What is the greatest common divisor of 234 and t?
18
Suppose -10*u + 1145 - 1914 = -6269. Calculate the greatest common factor of u and 495.
55
Suppose 0 = -5*l - 27 - 3, -5*z + 8171 = -l. What is the highest common factor of 71 and z?
71
Suppose -133*z = -344799 - 19488. What is the greatest common divisor of 264 and z?
33
Let k be 1 + 0 + (-316)/(-4). Let a = 4998 - 4798. What is the highest common divisor of k and a?
40
Let j(k) = 3 - 1 - 5*k - 3. Let t be j(-3). Suppose -571*s = 6937 - 18928. Calculate the greatest common factor of s and t.
7
Let d = -33542 - -36317. Calculate the greatest common divisor of 999 and d.
111
Let n(j) = 249*j + 69. Let q be n(-10). Let w = q - -3487. Calculate the highest common factor of w and 82.
82
Suppose 24*j - 8164 = 7796. Let s(r) = -r**3 - 6*r**2 + 7*r - 2. Let n be s(-8). What is the greatest common factor of n and j?
35
Suppose 3*v - 1657 = -2*q, -3*v + 189 = -4*q - 1492. What is the greatest common divisor of v and 925?
185
Suppose 0 = -12*z - 2*z + 364. Suppose 31*v = z*v + 615. What is the highest common factor of 3 and v?
3
Let q(d) be the first derivative of -7*d**2/2 - 28*d - 110. Let u be q(-10). Calculate the greatest common divisor of 70 and u.
14
Let h be ((-3)/2)/((-36)/5424). Suppose -s + 4*p + 114 = -h, p = -3*s + 1059. Calculate the highest common divisor of s and 32.
32
Let z(w) = 7*w**2 - 11*w - 14. Let t be z(10). Let a be (-27 - -3)*(-12 - -11). What is the greatest common factor of t and a?
24
Let j be (-24)/(6 - 14) + 43. Suppose 3381 = 8*h + 13*h. What is the highest common divisor of j and h?
23
Let d = 4815 - 2565. Calculate the highest common divisor of 25 and d.
25
Let y be 12/15 - (-11)/(550/6560). What is the highest common divisor of 36 and y?
12
Let i = -13500 + 16525. What is the greatest common divisor of i and 968?
121
Suppose 2*n - 141*p = -145*p + 32, 3*n - 5*p - 136 = 0. What is the highest common factor of n and 7864?
8
Let w be 1 + 1 + (24 - -4). Let k(y) = -y**3 + 2*y**2 + 8*y - 2. Let z be k(4). Let g be 1*15 + z + 5 + -3. Calculate the highest common divisor of g and w.
15
Let m b